highest common divisor of 343 and 27200243?
343
What is the greatest common factor of 864892 and 12008?
316
Calculate the greatest common divisor of 322415033 and 1174.
587
Calculate the highest common divisor of 134 and 10932859.
67
Calculate the highest common divisor of 162 and 79028802.
18
Calculate the greatest common divisor of 124898 and 498958.
634
Calculate the greatest common factor of 19960446 and 66.
66
Calculate the greatest common factor of 3228 and 238233.
3
What is the greatest common divisor of 262111022 and 183?
61
Calculate the highest common divisor of 10437 and 18114798.
213
What is the highest common factor of 118859 and 67691?
533
What is the highest common divisor of 10 and 268469720?
10
What is the greatest common factor of 119043 and 11691?
27
Calculate the greatest common divisor of 789030 and 2640.
330
Calculate the highest common divisor of 34445950 and 27830.
2530
What is the greatest common divisor of 40989879 and 252?
63
Calculate the highest common divisor of 1164 and 2864604.
1164
Calculate the greatest common factor of 7120972 and 361.
19
What is the highest common factor of 5743074 and 3090?
618
Calculate the highest common factor of 3234 and 9109198.
98
Calculate the highest common factor of 2346 and 29286291.
1173
Calculate the greatest common factor of 1139389 and 880360.
1693
What is the highest common divisor of 5110848 and 12?
12
What is the highest common factor of 72136 and 56134?
254
What is the greatest common factor of 20460 and 113432?
44
What is the highest common divisor of 1963350 and 7425?
225
What is the highest common factor of 19334315 and 20020?
5005
Calculate the greatest common factor of 7 and 12852357.
7
What is the highest common factor of 28211498 and 2?
2
Calculate the highest common divisor of 533259978 and 221.
17
What is the highest common divisor of 63820 and 1160?
20
Calculate the greatest common divisor of 2827963936 and 1141.
1141
Calculate the highest common factor of 32475403 and 4786.
2393
Calculate the greatest common factor of 875296327 and 766.
383
Calculate the highest common factor of 6470 and 125537410.
6470
Calculate the greatest common divisor of 1991766 and 135206.
2018
What is the greatest common divisor of 1260 and 120238524?
252
Calculate the highest common factor of 10671517 and 3174.
529
Calculate the highest common factor of 248065202 and 308.
154
What is the highest common divisor of 72544 and 1716119?
2267
What is the highest common divisor of 2 and 36881885?
1
What is the greatest common divisor of 9351 and 211?
1
Calculate the greatest common factor of 53516700 and 11340.
1620
What is the greatest common divisor of 93214004 and 1508?
1508
Calculate the highest common divisor of 5907 and 8897911.
1969
Calculate the greatest common divisor of 6 and 184337946.
6
What is the greatest common factor of 111442220 and 4180?
380
What is the highest common factor of 10975665 and 15?
15
What is the highest common factor of 14876 and 11188?
4
Calculate the highest common divisor of 218669625 and 125.
125
What is the highest common divisor of 3014 and 7507774538?
3014
Calculate the highest common factor of 24624 and 852276654.
3078
What is the greatest common divisor of 73903568 and 10596?
3532
Calculate the highest common factor of 117892152 and 648.
216
Calculate the highest common divisor of 28510867 and 1694.
847
Calculate the highest common divisor of 1865022899 and 31.
31
Calculate the greatest common factor of 266104 and 1061719.
899
What is the greatest common divisor of 168855 and 18570?
15
Calculate the greatest common factor of 8889190 and 365.
5
What is the highest common divisor of 12391925 and 11732?
2933
What is the highest common factor of 6528323 and 316?
79
Calculate the greatest common factor of 116510061 and 5185.
1037
What is the greatest common divisor of 41956878 and 18?
6
Calculate the highest common factor of 708390 and 1190.
170
What is the highest common divisor of 1482 and 873848?
38
What is the highest common divisor of 96702210 and 770?
110
Calculate the highest common divisor of 10944 and 2131059.
57
What is the highest common divisor of 26749036 and 109?
109
Calculate the highest common divisor of 1047 and 136075449.
1047
Calculate the highest common factor of 1624206 and 510.
6
Calculate the highest common divisor of 13289575 and 26.
13
What is the greatest common divisor of 5824 and 1224512?
64
What is the highest common divisor of 69963264 and 2160?
432
Calculate the highest common divisor of 1600 and 231488.
64
Calculate the greatest common divisor of 391308858 and 954.
954
Calculate the greatest common divisor of 1320 and 48873360.
120
Calculate the greatest common divisor of 980816 and 1275892.
4156
What is the greatest common divisor of 1905442 and 1694?
154
Calculate the greatest common factor of 3520066 and 176.
22
Calculate the greatest common factor of 15828 and 16572.
12
What is the highest common factor of 5261642 and 1727048?
7318
What is the greatest common factor of 48762722 and 2?
2
What is the greatest common factor of 1284543 and 104?
13
Calculate the highest common divisor of 7220541 and 6.
3
What is the highest common factor of 25336 and 1654?
2
Calculate the greatest common factor of 42 and 129533334.
42
What is the highest common factor of 29635914 and 11?
11
What is the highest common factor of 404 and 51457682?
202
What is the highest common divisor of 11120350 and 148?
74
What is the greatest common divisor of 144 and 2831964?
12
What is the greatest common factor of 40 and 367426760?
40
Calculate the greatest common factor of 143 and 200241379.
13
What is the highest common divisor of 35 and 19611599?
7
Calculate the highest common factor of 9990662 and 1496.
374
What is the highest common divisor of 4096 and 430112?
32
What is the highest common factor of 2025 and 51121935?
405
What is the greatest common factor of 80833921 and 973?
973
Calculate the highest common divisor of 685 and 209634112.
137
What is the highest common factor of 14085 and 61813431?
2817
Calculate the greatest common factor of 1485 and 663070320.
1485
What is the greatest common factor of 642 and 25226534?
214
What is the highest common factor of 11605 and 442045?
1055
Calculate the greatest common divisor of 23779 and 273577.
79
What is the greatest common factor of 68 and 329698952?
68
What is the greatest common divisor of 36039 and 2345172?
879
What is the greatest common divisor of 1568 and 4011968?
32
What is the highest common divisor of 4144 and 5268356?
148
Calculate the highest common factor of 396 and 20994336.
396
Calculate the highest common divisor of 535128 and 7368.
24
What is the greatest common factor of 500 and 102010900?
100
Calculate the greatest common divisor of 898 and 51019421.
449
What is the greatest common divisor of 23868 and 77149332?
7956
What is the greatest common factor of 17226 and 163944?
594
What is the greatest common factor of 288 and 551030496?
96
What is the highest common divisor of 5450022 and 18?
18
What is the highest common divisor of 132632 and 1683752?
2248
What is the greatest common divisor of 39229828 and 462?
22
Calculate the highest common factor of 18 and 78634224.
18
What is the highest common factor of 2107 and 2372825?
49
What is the greatest common divisor of 168630 and 2079?
231
Calculate the greatest common divisor of 541848 and 1943976.
2568
What is the greatest common divisor of 684275 and 21715?
505
What is the highest common divisor of 94986536 and 16?
8
Calculate the highest common divisor of 21792 and 95952.
48
Calculate the greatest common factor of 6012 and 10245951.
1503
What is the greatest common factor of 126 and 4905972?
18
What is the greatest common factor of 722 and 672105107?
361
Calculate the greatest common divisor of 654959 and 412043.
653
What is the greatest common divisor of 9873794 and 147?
49
Calculate the greatest common divisor of 5093 and 322085950.
463
What is the greatest common divisor of 4180 and 50006594?
418
What is the greatest common factor of 6149346 and 19654?
62
What is the greatest common factor of 168 and 131031894?
42
Calculate the greatest common divisor of 12042317 and 322.
161
What is the greatest common divisor of 46789 and 114